{"id":2,"date":"2009-07-19T12:22:23","date_gmt":"2009-07-19T16:22:23","guid":{"rendered":"http:\/\/zariffa.com\/nabil\/?page_id=2"},"modified":"2013-12-21T09:31:57","modified_gmt":"2013-12-21T14:31:57","slug":"about","status":"publish","type":"page","link":"http:\/\/zariffa.com\/nabil\/about\/?lang=fr","title":{"rendered":"\u00c0 propos.."},"content":{"rendered":"<p>Le blog de Nabil Zariffa<\/p>\n<p>Vous y retrouvez 3 cat\u00e9gories:<\/p>\n<ol>\n<li>G\u00e9n\u00e9alogie. R\u00e9flexion au sujet de la g\u00e9n\u00e9alogie de la famille<\/li>\n<li>Photographie.\u00a0 Les projets sur lesquels je travaille et discusions<\/li>\n<\/ol>\n<p><\/p>","protected":false},"excerpt":{"rendered":"<p>Le blog de Nabil Zariffa Vous y retrouvez 3 cat\u00e9gories: G\u00e9n\u00e9alogie. R\u00e9flexion au sujet de la g\u00e9n\u00e9alogie de la famille Photographie.\u00a0 Les projets sur lesquels je travaille et discusions<\/p>\n","protected":false},"author":1,"featured_media":0,"parent":0,"menu_order":0,"comment_status":"open","ping_status":"open","template":"","meta":{"footnotes":""},"class_list":["post-2","page","type-page","status-publish","hentry"],"aioseo_notices":[],"_links":{"self":[{"href":"http:\/\/zariffa.com\/nabil\/wp-json\/wp\/v2\/pages\/2","targetHints":{"allow":["GET"]}}],"collection":[{"href":"http:\/\/zariffa.com\/nabil\/wp-json\/wp\/v2\/pages"}],"about":[{"href":"http:\/\/zariffa.com\/nabil\/wp-json\/wp\/v2\/types\/page"}],"author":[{"embeddable":true,"href":"http:\/\/zariffa.com\/nabil\/wp-json\/wp\/v2\/users\/1"}],"replies":[{"embeddable":true,"href":"http:\/\/zariffa.com\/nabil\/wp-json\/wp\/v2\/comments?post=2"}],"version-history":[{"count":12,"href":"http:\/\/zariffa.com\/nabil\/wp-json\/wp\/v2\/pages\/2\/revisions"}],"predecessor-version":[{"id":793,"href":"http:\/\/zariffa.com\/nabil\/wp-json\/wp\/v2\/pages\/2\/revisions\/793"}],"wp:attachment":[{"href":"http:\/\/zariffa.com\/nabil\/wp-json\/wp\/v2\/media?parent=2"}],"curies":[{"name":"wp","href":"https:\/\/api.w.org\/{rel}","templated":true}]}}